{"id":65,"date":"2013-12-04T09:25:14","date_gmt":"2013-12-04T09:25:14","guid":{"rendered":"http:\/\/geb-vs.com\/?page_id=65"},"modified":"2025-09-21T21:52:14","modified_gmt":"2025-09-21T19:52:14","slug":"downloads-2","status":"publish","type":"page","link":"https:\/\/www.geb-schulen-vs.de\/?page_id=65","title":{"rendered":"Downloads &#038; Links"},"content":{"rendered":"<h1><strong>In eigener Sache:<\/strong><\/h1>\n<p><a href=\"https:\/\/www.geb-vs.com\/wp-content\/uploads\/2013\/12\/Gesch\u00e4ftsordnung-GEB-VS-15.07.2016.pdf\" target=\"_blank\" rel=\"noopener noreferrer\">Gesch\u00e4ftsordnung GEB 15.07.2016<\/a><\/p>\n<p>QR-Code f\u00fcr Startseite und Kategorien <a href=\"https:\/\/www.geb-vs.com\/wp-content\/uploads\/2013\/12\/QR.pdf\" target=\"_blank\" rel=\"noopener noreferrer\">QR-Code<\/a><\/p>\n<h1><\/h1>\n<h1><strong>Gesetze und Verordnungen:<\/strong><\/h1>\n<p><a title=\"Schulgesetz Baden-W\u00fcrttemberg \" href=\"https:\/\/www.geb-vs.com\/wp-content\/uploads\/2014\/10\/jlr-SchulGBW1983pP117.pdf\" target=\"_blank\" rel=\"noopener noreferrer\">Schulgesetz Baden-W\u00fcrttemberg 2014<\/a><br \/>\noder aktuelle Version <a title=\"http:\/\/www.landesrecht-bw.de\/jportal\/?quelle=jlink&amp;query=SchulG+BW+%C2%A7+117&amp;psml=bsbawueprod.psml&amp;max=true\" href=\"http:\/\/www.landesrecht-bw.de\/jportal\/?quelle=jlink&amp;query=SchulG+BW+%C2%A7+117&amp;psml=bsbawueprod.psml&amp;max=true\" target=\"_blank\" rel=\"noopener noreferrer\">Landesrecht BW Schulgesetz<\/a><\/p>\n<p><a href=\"http:\/\/www.landesrecht-bw.de\/jportal\/;jsessionid=A840ECB3EAA9A60887F5430D7C818535.jpa5?quelle=jlink&amp;query=EltBeirV+BW&amp;psml=bsbawueprod.psml&amp;max=true&amp;aiz=true#jlr-EltBeirVBW1985pP34\" target=\"_blank\" rel=\"noopener noreferrer\">Verordnung des Kultusministeriums f\u00fcr Elternvertretungen<\/a><br \/>\n<a href=\"http:\/\/www.landesrecht-bw.de\/jportal\/;jsessionid=A840ECB3EAA9A60887F5430D7C818535.jpa5?quelle=jlink&amp;query=EltBeirV+BW&amp;psml=bsbawueprod.psml&amp;max=true&amp;aiz=true#jlr-EltBeirVBW1985pP34\" target=\"_blank\" rel=\"noopener noreferrer\"> und Pflegschaften an \u00f6ffentlichen Schulen<\/a><\/p>\n<h1><strong>Informatives:<\/strong><\/h1>\n<p>Infodienst des Ministerium f\u00fcr Kultus, Jugend und Sport<br \/>\nzum Archiv <a title=\"http:\/\/www.km-bw.de\/,Lde\/Startseite\/Service\/Infodienst+Eltern\" href=\"http:\/\/www.km-bw.de\/,Lde\/Startseite\/Service\/Infodienst+Eltern\" target=\"_blank\" rel=\"noopener noreferrer\">Infodienst Eltern<\/a><br \/>\nzum Archiv <a title=\"http:\/\/www.km-bw.de\/,Lde\/Startseite\/Service\/Infodienst+Schule\" href=\"http:\/\/www.km-bw.de\/,Lde\/Startseite\/Service\/Infodienst+Schule\" target=\"_blank\" rel=\"noopener noreferrer\">Infodienst Schule<\/a><\/p>\n<p><a title=\"Schulentwicklungsplan Stand 30.10.07\" href=\"https:\/\/www.villingen-schwenningen.de\/fileadmin\/pdf\/SBS\/Schulentwicklungsplan_Stand_30.10.07_Internet.pdf\" target=\"_blank\" rel=\"noopener noreferrer\">Schulentwicklungsplan\u00a0<\/a> Villingen-Schwenningen 2006-2021<br \/>\n<a href=\"http:\/\/www.villingen-schwenningen.de\/verkehr\/mobilitaet-und-verkehr\/radverkehr\/radschulwegplan.html?Fsize=2%2525252525252525252525252Fverwaltung%2525252525252525252525252Fausschreibungen-vobvol.html%2525252525252525252525253FFsize%2525252525252525252525253D2%25252525252523rahmen\" target=\"_blank\" rel=\"noopener noreferrer\">Radschulwegpl\u00e4ne<\/a> Villingen-Schwenningen<\/p>\n<h1><strong>Unterst\u00fctzungsseiten :<\/strong><\/h1>\n<p>Unterst\u00fctzungsangebote im Bereich des <a href=\"http:\/\/www.schulamt-donaueschingen.de\/,Lde\/Startseite\/Schulamt\/Unterstuetzungsangebote\" target=\"_blank\" rel=\"noopener noreferrer\">Staatliches Schulamt Donaueschingen<\/a><\/p>\n<p>Bildungsregion Schwarzwald-Baar-Kreis <a title=\"http:\/\/www.lrasbk.de\/bildung\/bildungsregion-schwarzwald-baar-kreis\/aktuelles.html\" href=\"http:\/\/www.lrasbk.de\/bildung\/Bildungsregion-Schwarzwald-Baar\/aktuelles.html\" target=\"_blank\" rel=\"noopener noreferrer\">Bildungsb\u00fcro Aktuelles<\/a><\/p>\n<p>Beratungsstelle f\u00fcr Eltern, Kinder und Jugendliche (BEKJ) mit der Interdisziplin\u00e4ren Fr\u00fchf\u00f6rderstelle (IFF)\u00a0<a title=\"http:\/\/www.lrasbk.de\/landkreis\/aemter-im-ueberblick\/beratungsstellen-fuer-eltern-kinder-und-jugendliche-bekj-und-iff.html\" href=\"http:\/\/www.lrasbk.de\/landkreis\/aemter-im-ueberblick\/beratungsstellen-fuer-eltern-kinder-und-jugendliche-bekj-und-iff.html\" target=\"_blank\" rel=\"noopener noreferrer\">BEKJ\/IFF<\/a><\/p>\n<p>Verbund der <a href=\"https:\/\/www.geb-vs.com\/?p=1100\" target=\"_blank\" rel=\"bookmark noopener noreferrer\">sonderp\u00e4dagogischen Fr\u00fchberatungsstellen<\/a><\/p>\n<p>Kinder- und Familienzentrum VS <a title=\"http:\/\/www.kifaz-vs.de\" href=\"http:\/\/www.kifaz-vs.de\/index.php?id=372&amp;type=0%23content-begincontent-begincontent-begincontent-begin\" target=\"_blank\" rel=\"noopener noreferrer\">KiFaz<\/a><\/p>\n<p>caritas <a title=\"http:\/\/caritas-sbk.de\/hilfe-und-beratung\/hilfe-fuer-kinder-jugend-und-familie\" href=\"http:\/\/caritas-sbk.de\/hilfe-und-beratung\/hilfe-fuer-kinder-jugend-und-familie\" target=\"_blank\" rel=\"noopener noreferrer\">Jugendsozialarbeit <\/a>(Ganztagesbetreuung, Schulsozialarbeit und Bildungsbegleitung)<\/p>\n<p><a href=\"http:\/\/www.elternstiftung.de\/index.php?id=startseite\" target=\"_blank\" rel=\"noopener noreferrer\"><b>Gemeinn\u00fctzige Elternstiftung Baden-W\u00fcrttemberg<\/b><\/a> Elternstiftung <a href=\"http:\/\/www.elternstiftung.de\/index.php?id=programmuebersicht0\" target=\"_blank\" rel=\"noopener noreferrer\">Programm\u00fcbersicht<\/a><\/p>\n<h1><strong>Andere Links:<\/strong><\/h1>\n<p>Zur <a title=\"http:\/\/jugendbeteiligung-vs.de\/\" href=\"http:\/\/jugendbeteiligung-vs.de\/\" target=\"_blank\" rel=\"noopener noreferrer\">Jugendbeteiligung Villingen-Schwenningen<\/a><\/p>\n<p>Gemeinderat der Stadt Villingen-Schwenningen<br \/>\nvon 2014 bis 2019 Quelle: <a title=\"http:\/\/www.suedkurier.de\/galerie\/bildergalerien\/Villingen-Schwenningen-Das-ist-Ihr-neuer-Gemeinderat;cme1328592,8713806\" href=\"http:\/\/www.suedkurier.de\/galerie\/bildergalerien\/Villingen-Schwenningen-Das-ist-Ihr-neuer-Gemeinderat;cme1328592,8713806\" target=\"_blank\" rel=\"noopener noreferrer\">Galerie Suedkurier 26.05.2014<\/a><br \/>\nGemeinderat der Stadt Villingen-Schwenningen Quelle: <a title=\"http:\/\/www.villingen-schwenningen.de\/fileadmin\/Pressebilder\/PDF\/Gemeinderat_Liste_Parteien_neu2014_04.pdf\" href=\"http:\/\/www.villingen-schwenningen.de\/fileadmin\/Pressebilder\/PDF\/Gemeinderat_Liste_Parteien_neu2014_04.pdf\" target=\"_blank\" rel=\"noopener noreferrer\">villingen-schwenningen.de<\/a><\/p>\n<p>Hier kommen Sie zum <a title=\"https:\/\/ris.villingen-schwenningen.de\/ris\/sitzungskalender.php\" href=\"https:\/\/ris.villingen-schwenningen.de\/ris\/sitzungskalender.php\" target=\"_blank\" rel=\"noopener noreferrer\">Rats- und B\u00fcrgerinfosystem<\/a><\/p>\n<div id=\"wp_fb_like_button\" style=\"margin:5px 0;float:none;height:100px;\"><script src=\"http:\/\/connect.facebook.net\/en_US\/all.js#xfbml=1\"><\/script><fb:like href=\"https:\/\/www.geb-schulen-vs.de\/?page_id=65\" send=\"false\" layout=\"standard\" width=\"850\" show_faces=\"true\" font=\"arial\" action=\"like\" colorscheme=\"light\"><\/fb:like><\/div>","protected":false},"excerpt":{"rendered":"<p>In eigener Sache: Gesch\u00e4ftsordnung GEB 15.07.2016 QR-Code f\u00fcr Startseite und Kategorien QR-Code Gesetze und Verordnungen: Schulgesetz Baden-W\u00fcrttemberg 2014 oder aktuelle Version Landesrecht BW Schulgesetz Verordnung des Kultusministeriums f\u00fcr Elternvertretungen und Pflegschaften an \u00f6ffentlichen Schulen Informatives: Infodienst des Ministerium f\u00fcr Kultus, &hellip; <\/p>\n","protected":false},"author":1,"featured_media":0,"parent":690,"menu_order":6,"comment_status":"closed","ping_status":"closed","template":"","meta":{"footnotes":""},"class_list":["post-65","page","type-page","status-publish","hentry"],"_links":{"self":[{"href":"https:\/\/www.geb-schulen-vs.de\/index.php?rest_route=\/wp\/v2\/pages\/65","targetHints":{"allow":["GET"]}}],"collection":[{"href":"https:\/\/www.geb-schulen-vs.de\/index.php?rest_route=\/wp\/v2\/pages"}],"about":[{"href":"https:\/\/www.geb-schulen-vs.de\/index.php?rest_route=\/wp\/v2\/types\/page"}],"author":[{"embeddable":true,"href":"https:\/\/www.geb-schulen-vs.de\/index.php?rest_route=\/wp\/v2\/users\/1"}],"replies":[{"embeddable":true,"href":"https:\/\/www.geb-schulen-vs.de\/index.php?rest_route=%2Fwp%2Fv2%2Fcomments&post=65"}],"version-history":[{"count":60,"href":"https:\/\/www.geb-schulen-vs.de\/index.php?rest_route=\/wp\/v2\/pages\/65\/revisions"}],"predecessor-version":[{"id":6637,"href":"https:\/\/www.geb-schulen-vs.de\/index.php?rest_route=\/wp\/v2\/pages\/65\/revisions\/6637"}],"up":[{"embeddable":true,"href":"https:\/\/www.geb-schulen-vs.de\/index.php?rest_route=\/wp\/v2\/pages\/690"}],"wp:attachment":[{"href":"https:\/\/www.geb-schulen-vs.de\/index.php?rest_route=%2Fwp%2Fv2%2Fmedia&parent=65"}],"curies":[{"name":"wp","href":"https:\/\/api.w.org\/{rel}","templated":true}]}}